= -6 - -11. Calculate the highest common factor of a and 175.
5
Let z(b) = b**2 + 268. Let j be z(-13). What is the greatest common divisor of j and 161?
23
Let t(g) = -g**2 + 90*g - 725. Let b be t(9). Let p = 49 + -27. Calculate the greatest common factor of p and b.
2
Suppose 5*b = 2*n - 49 - 95, 5*n - 5*b = 360. Let h = 5 - -1. Let d be 92/12 + 2/h. Calculate the highest common divisor of n and d.
8
Let s(u) = -u**2 + 38*u + 23. Let q be s(38). Calculate the greatest common factor of q and 46.
23
Let q = 12 + -7. Let r(d) = -56*d + 936. Let s be r(16). What is the greatest common divisor of s and q?
5
Suppose -l = -t + 1, -3*t = -5*t + 4*l. Let s = -9 - -14. Suppose 2 = s*n - 8. Calculate the greatest common divisor of n and t.
2
Let c be (-68)/1*(3 - 0)/(-6). Let h = c + -23. Suppose 3*w - 111 = -4*o, -7*w + 5*o + 150 = -2*w. What is the greatest common divisor of h and w?
11
Suppose 33 = f + 3*z - 59, -2*f + 186 = 5*z. Let s = f - 87. Calculate the highest common divisor of 341 and s.
11
Let n be (-35 - 0)*(-2)/5. What is the highest common factor of n and 21?
7
Let i(p) = -p**3 - 7*p**2 + 4*p + 7. Let z be i(-7). Let x = z - -48. Let t = -21 + x. Calculate the highest common divisor of 4 and t.
2
Let u = -406 + 408. Suppose -3*h + 63 = z, -3*h + 4*z - 27 = -105. What is the highest common divisor of h and u?
2
Let t(p) = 2*p**2 + 4*p - 1. Let o be t(-5). Let l = -7739 - -8058. What is the greatest common factor of o and l?
29
Suppose -2*z = 3*c - 27, 5*c - 31 = 2*z + 14. What is the highest common divisor of 225 and c?
9
Let s(d) = 5*d**2 + 21*d - 14. Let y be s(-6). What is the highest common factor of y and 60?
20
Let v(z) = -z + 12 - 3*z + 5*z + z**2 + 6*z. Let j be v(-7). Let r be 1 - j/(-4 - -3). Calculate the greatest common divisor of r and 13.
13
Let t(v) = -6*v**2 - 8*v + 4. Let y be t(-7). Let w = 1666 - y. Let p be w/133 - 4/14. Calculate the highest common factor of p and 28.
14
Suppose 64 + 28 = 4*y. Let g = 84 - 32. Let o = 201 + g. Calculate the highest common divisor of y and o.
23
Let c = 282 + -272. What is the greatest common divisor of c and 50?
10
Let p(j) = -j**2 - 14*j - 4. Let x be p(-13). Suppose 0*h - h = x. Let b(d) = d**2 + 8*d + 1. Let o be b(h). What is the highest common factor of o and 40?
10
Let h(i) = -38*i + 2. Let j be h(-1). Suppose -j = -0*p + 5*p. Let b be p/(-6)*171/6. What is the highest common factor of b and 19?
19
Let x(m) = -40*m. Let t be x(-3). Let r(q) = -q**3 + 30*q**2 - 57*q + 108. Let u be r(28). What is the highest common divisor of t and u?
40
Let t(x) = 8*x**2 - 11*x - 77. Let j be t(12). What is the highest common divisor of 23 and j?
23
Suppose 7 = -o + 23. Let n = o - 16. Suppose n = 7*i - 6*i - 40. What is the greatest common divisor of i and 8?
8
Let j(f) be the second derivative of -3*f + 19/2*f**2 + 0 - 1/3*f**3. Let z be j(8). Calculate the greatest common divisor of 15 and z.
3
Let w be ((32/(-7))/8)/(1/(-287)). Calculate the greatest common divisor of 246 and w.
82
Let p be (-6 + 4 + 109)*(1 + -2). Let w = 152 + p. What is the greatest common factor of 360 and w?
45
Let t be (5/(-3) - -1)*-15. Let p(l) = 49*l**3 - l**2 + l + 1. Let z be p(1). What is the greatest common factor of z and t?
10
Let t(l) = 2*l**2 + 5*l - 37. Let i be t(7). Calculate the greatest common factor of 432 and i.
48
Let j = -61 + 65. What is the greatest common divisor of j and 1048?
4
Let l(b) = -b**3 - 18*b**2 + 9*b - 1. Let p be l(-19). Calculate the highest common factor of p and 7.
7
Let o = -20 - -27. Suppose 0 = k + o + 10. Let w = 23 + k. Calculate the greatest common factor of 48 and w.
6
Suppose 0 = d - 6*d + 30. Let i(k) = 4*k**2 - 9*k + 9. Let v be i(d). Suppose -2*t + j = -v, -5*j + 1 = t - 32. What is the greatest common divisor of 24 and t?
24
Let p be 1/(3 + -5 + 3). Let l be (-2)/p + (-24)/(-3). Suppose 0 = -2*n - 2 + 26. Calculate the greatest common factor of l and n.
6
Let s(o) = -o**3 - 2. Let n be s(-4). Let b be 5*((-42)/5 - (0 - 0)). Let x = b + n. What is the greatest common divisor of 10 and x?
10
Let g(x) = -x**2 + 20*x - 8. Let w be g(19). Let n = 44 + -22. What is the highest common factor of n and w?
11
Let b(h) = -33*h - 2*h**2 - 13 + 8 - 10 + 0*h**2. Let j be b(-15). Calculate the greatest common factor of 6 and j.
6
Let f(a) = -13*a**3 + 3*a**2 + 3*a + 2. Let l be f(-1). What is the highest common factor of 25 and l?
5
Suppose -4*a = 3*w + 553, -5*a + 300 = 4*w + 1037. Let f = 114 - w. Calculate the highest common factor of 33 and f.
33
Let b = 742 - 294. Calculate the greatest common factor of 14 and b.
14
Suppose -5*c + 40 = -h, c + 10 = 3*c. Let a(m) = -21*m + 35. Let f be a(5). Let r = h - f. Calculate the greatest common factor of r and 5.
5
Let z be (60/(-16))/(54/(-144)). Calculate the highest common divisor of z and 320.
10
Suppose h + 15 = 2*g + g, -4*h = g - 18. Let t be 14/6 + 4/g + 4. Calculate the greatest common divisor of 42 and t.
7
Let l(g) = -g**3 - 7*g**2 - 9*g - 10. Let h be l(-8). Suppose -7*j = 2*j - h. What is the greatest common factor of j and 112?
14
Let c(l) = 5 - l - 5 + 14. Let s be c(0). Let u(p) = 19*p - 92. Let x be u(10). What is the highest common divisor of s and x?
14
Let i be 32 - 4/((-16)/4). Let m = -12 + i. What is the highest common divisor of m and 21?
21
Suppose -39 - 1 = -2*y. Let v = 32 - y. Calculate the greatest common factor of v and 132.
12
Suppose 35 = 4*s - 29. Let q be (-1)/2*(-8)/2. What is the highest common divisor of s and q?
2
Let d be 18/5 - 15/25. Suppose -3*t - 1 = d*r - 22, -2*r + 11 = -t. Suppose 13 - 1 = r*j. Calculate the greatest common divisor of j and 1.
1
Suppose 0 = 3*u + 3*j - 219, -4*u + 0*u - j + 283 = 0. Suppose 0 = -62*m + 60*m + u. Calculate the highest common divisor of 315 and m.
35
Let f(s) = -2*s**2 - 11*s - 14. Let x be f(-6). Let m be (8/x - (-13)/(-5)) + 12. What is the greatest common factor of m and 15?
3
Let g(y) = 6*y**3 - 5*y**2 + 8*y - 6. Let i be g(3). Let n = i + -72. What is the highest common divisor of 21 and n?
21
Suppose 2*l + 18 = -22. Let u be l/(-8)*(-8)/(-5). Suppose u*x + 26 = 186. Calculate the highest common factor of x and 10.
10
Suppose 118*x + 28*x = 8322. Calculate the greatest common factor of x and 969.
57
Let c(g) = 26*g**2 + 5*g + 5. Suppose -5*u + 3*s + 3 = 10, 4*s - 6 = 5*u. Let d be c(u). Calculate the greatest common factor of d and 9.
9
Let u(a) be the first derivative of a**2 - 2*a + 14. Let d be u(9). Suppose 3*p = -p + 8. What is the greatest common factor of d and p?
2
Let q(h) = h**3 + 5*h**2 + 5*h. Let y be q(-4). Let j be 3/(y - -3) - -30. Suppose 22 - 4 = 2*l. Calculate the highest common factor of j and l.
9
Let i(a) = -a**3 + 21*a**2 + 28*a - 22. Let d = 75 + -53. Let g be i(d). Calculate the highest common divisor of g and 22.
22
Suppose t + 2*w - 262 = 0, 3*t + t + 4*w - 1068 = 0. What is the highest common divisor of 34 and t?
34
Let r(f) = 16*f**2. Let t be r(1). Suppose -5*q - t + 26 = 0. Calculate the highest common factor of q and 18.
2
Let t = 510 - 264. What is the greatest common divisor of t and 82?
82
Suppose 5*f - u + 0*u - 198 = 0, -2*f - 3*u = -69. Suppose -m + f = n, m - 235 = -5*n + 4*m. What is the highest common factor of n and 4?
4
Let o(a) = -a**3 + 8*a**2 + a + 4. Let p be o(8). What is the highest common factor of 324 and p?
12
Let l be (9/(-15)*-14)/(4/70). What is the highest common divisor of 105 and l?
21
Let r be (8/5)/4*105. Let b be (-8)/40 + r/10. Suppose -b*q = -0*q - 104. Calculate the highest common divisor of q and 65.
13
Suppose 58 - 397 = -a + 2*p, -a + 343 = -3*p. Suppose -3*o = -c - 3*c - a, 2*o - 3*c = 219. What is the greatest common divisor of o and 13?
13
Let g be (-47)/15 - 20/(-150). Let b be (100/g)/(2 + (-133)/63). What is the greatest common divisor of 60 and b?
60
Suppose -3*d + 374 = s, -d - 156 = -2*s + 592. Calculate the greatest common factor of s and 17.
17
Let g(d) = 81*d**2 + 33*d + 33. Let k be g(-1). What is the greatest common divisor of 1539 and k?
81
Let f(v) = -30*v + 3. Suppose -2*x + j - 92 = -33, 4*j - 20 = 0. Let w = x + 26. Let r be f(w). Calculate the highest common factor of r and 66.
33
Let a be 12/(-9)*(-1326)/136. Let h be ((-4)/(-5))/((-2)/(-5)). Suppose -h*o = -31 + 5.